Let k(q) = -q**3 + 25*q**2 - 5*q + 157. Let a be k(25). What is the greatest common factor of s and a?
16
Let m = 5 + -1. Suppose 0*j + j = -5*r + 168, -m*r + 134 = j. What is the highest common factor of 17 and r?
17
Suppose -2 = v - 1, 5*v + 29 = 3*t. Calculate the greatest common factor of 8 and t.
8
Suppose 20 = -3*a - 52. Let q = a + 57. What is the greatest common divisor of q and 11?
11
Let t(l) = -l**3 + 5*l**2 + 8*l + 4. Let d be t(6). Suppose -j + 7 = 1. Let g(x) = 30*x - 4. Let o be g(j). Calculate the highest common divisor of o and d.
16
Let o(i) be the third derivative of -i**5/60 + 11*i**4/24 - 7*i**3/6 - 3*i**2. Let s be o(7). What is the greatest common factor of 21 and s?
21
Suppose 43 = 5*x - 2. Suppose 0*u + x = 3*u. Suppose -v - 5*s = 7, 0 = u*v - 8*v - s + 61. What is the greatest common divisor of 13 and v?
13
Let x be (-1)/3*-9 - -61. Let v = -13 - -29. What is the highest common divisor of x and v?
16
Let c = 41 - 17. Let u(o) = o**2 + 4*o + 3. Let a be u(7). Suppose -5*z + 2*g + 184 = 0, 0*z - 4*g = -2*z + a. Calculate the highest common divisor of c and z.
12
Suppose -221 + 81 = -7*o. What is the greatest common factor of o and 8?
4
Let v(c) = c**3 - 10*c**2 + 15*c - 6. Let t be v(10). Calculate the greatest common factor of 18 and t.
18
Let a be ((-3)/(6/(-10)))/1. Suppose -k - 2*k + 19 = -4*r, 5*r = 2*k - 15. What is the highest common factor of a and k?
5
Suppose -q - 52 = -4*v - 0*v, 16 = 4*q. What is the highest common factor of 14 and v?
14
Let d = 11 + -12. Let m be (-1)/((-21)/(-24) + d). What is the highest common divisor of m and 12?
4
Suppose 5*a - 5*f - 25 = 0, a = -2*a - 2*f. What is the greatest common divisor of a and 1?
1
Let h = -43 - -55. Calculate the greatest common factor of h and 108.
12
Let j be (2 - 0)/(5/35). What is the highest common divisor of 56 and j?
14
Suppose -5*l + 192 = 5*o - 3*l, o + 4*l = 42. What is the highest common divisor of 266 and o?
38
Let w be (-3 - -9 - -3) + -4. Calculate the greatest common factor of w and 5.
5
Let s = 0 - -3. Suppose -s*i + 38 = 11. Calculate the highest common divisor of 27 and i.
9
Suppose 2*z = -4*c + 196, -3*z = 4*c - 0*c - 302. Let v = z + -314. Let g = v + 320. What is the highest common factor of g and 16?
16
Let o be (1/(-2))/((-1)/68). Let l = 48 - o. Let z be (-10)/35 - (-396)/14. Calculate the greatest common divisor of z and l.
14
Let s = 19 - -11. What is the greatest common factor of s and 20?
10
Let d(m) = 5*m + 1. Let w be d(-5). Let p = w - -36. Let g = -112 + 172. Calculate the highest common factor of p and g.
12
Let o(v) = -v. Let c be o(3). Let j be (-26)/c - (-1)/3. Let r = -15 + 24. What is the highest common factor of j and r?
9
Suppose -3*n - 3*n = -594. What is the highest common factor of n and 9?
9
Let s be 2/(-5) + (-17)/(-5). Calculate the greatest common factor of 33 and s.
3
Suppose 2*x = 4*x. Suppose -5*c + 3*g + 0 + 24 = x, 3*c + 3*g = 0. Let p = 9 + c. Calculate the highest common divisor of 132 and p.
12
Let b = 70 - -18. Let q be ((-30)/(-45))/(2/15). Suppose 4*z = c + 2*c + 32, 0 = -3*z - q*c + 53. Calculate the greatest common factor of b and z.
11
Suppose -5*t + 3 + 2 = 0. Let o(i) be the second derivative of 7*i**4/12 - i**3/6 + i**2/2 + 8*i. Let w be o(t). What is the highest common divisor of w and 7?
7
Let c(x) = x**2 - 2*x - 10. Let f be c(-3). Calculate the highest common factor of f and 35.
5
Let n(k) = 5*k**2 - k - 2. Let c be n(-2). What is the highest common divisor of 160 and c?
20
Let c(u) = -11*u - 2. Let p(m) = m. Let l(o) = c(o) + 6*p(o). Let n be l(-3). What is the greatest common divisor of n and 91?
13
Suppose -3*m + 98 = 5*c, -3*c + 6*c = 12. What is the highest common factor of 26 and m?
26
Let t be ((-6)/4)/(2/(-28)). Suppose 2*k + 2*b - 36 = 0, -k + 3*b + 2*b - 6 = 0. What is the greatest common divisor of t and k?
7
Let y be -1 + (-34 - (-1 + 0)). Let r be 5 + (1 - 4) - y. What is the highest common factor of 54 and r?
18
Let f = -6 - -6. Let t(n) = n**2 + 2 + 2*n + 3*n + f. Let p be t(-6). Calculate the greatest common divisor of 8 and p.
8
Suppose 17 + 31 = 3*w. Calculate the greatest common divisor of w and 4.
4
Suppose 5*r - 4*z - 53 = 0, -4*r + 26 = 2*z + 3*z. Let b = r - 1. Calculate the greatest common divisor of b and 88.
8
Suppose 0 = -4*i - 7*i + 462. What is the greatest common divisor of i and 105?
21
Let m be (144/(-40))/(3/(-10)). Let y(d) = 0*d**3 + 3*d - d**3 + 11*d - 8*d**2. Let f be y(-10). What is the greatest common divisor of m and f?
12
Suppose -5*g + 3*g = -264. Let i be 0 - (-5)/((-10)/g). Let v = 101 + i. What is the greatest common factor of 5 and v?
5
Suppose 4*i - 85 = 15. What is the highest common factor of i and 5?
5
Let l = -11 + 75. What is the highest common factor of 16 and l?
16
Suppose l + l - 32 = 0. Calculate the greatest common divisor of 32 and l.
16
Let c be 1/(3/(-897) - 0). Let g = 467 + c. Calculate the greatest common divisor of g and 21.
21
Let h = 1 - 3. Let w be -1*h/4*30. Let p be (1/((-1)/w))/(-1). What is the greatest common divisor of p and 10?
5
Let m = 4 + 26. Calculate the highest common factor of m and 12.
6
Suppose -3*g = -8 - 7. What is the highest common factor of 15 and g?
5
Suppose 4*d - 5*n - 516 = -4*n, 3*d + 5*n = 410. Calculate the greatest common divisor of d and 26.
26
Let u be 400/18 - 8 - 2/9. Calculate the greatest common divisor of u and 126.
14
Let o = -2 - -4. Suppose -74 + 102 = 2*z. Calculate the highest common factor of z and o.
2
Suppose 0 = 4*r + 16, 2*i - 6 = 5*r + 44. Let a = -47 + 151. Let c be a + (-1)/1 - -2. Calculate the greatest common factor of c and i.
15
Let m be (2 - 2) + 17 - 1. Suppose 0 = -3*g + 7*g - m. Let f be (-8)/20 + (-444)/(-10). What is the greatest common factor of f and g?
4
Let b be -3*(-4 + 2) + 0. Suppose -b*d + 23 = -13. What is the highest common divisor of 48 and d?
6
Let m = -27 - -51. Suppose -4*u + 2*u - 6 = -3*y, -2*y - 4*u + 20 = 0. What is the greatest common divisor of m and y?
4
Let p = -69 - -110. What is the highest common factor of p and 164?
41
Suppose -2*w - 14 = -4. Let s(f) = -2*f + 5. Let d be s(w). Suppose 0 = 3*g - 1 + 16, -2*m - 3*g - 9 = 0. Calculate the greatest common factor of m and d.
3
Let o = 12 - 12. Suppose o = t - 13 - 0. Calculate the greatest common divisor of 52 and t.
13
Suppose -3*b - 2*z + 88 = 0, 5*b - 27 = 4*b - 3*z. Let f(q) = 2*q**2 + 7*q + 6. Let n be f(-4). What is the greatest common divisor of b and n?
10
Let d(m) = -2*m**2 + 55*m - 15. Let x be d(27). What is the highest common factor of 21 and x?
3
Let l = 3 - 7. Let o = l - -13. What is the greatest common divisor of o and 36?
9
Suppose 3*y + y = 44. Suppose 4*z + 7 = 3*f, 3*f + f - 5*z - y = 0. Let j = 2 + 1. What is the greatest common divisor of j and f?
3
Let q be (-2 - -9) + 1 - -3. Suppose -2*i + 0 = 4*y + 2, i - 3*y + q = 0. Let b be (-6)/i*(-140)/(-21). Calculate the greatest common divisor of b and 24.
8
Suppose 2*k + k = -5*w + 366, -w + 70 = -k. Calculate the greatest common divisor of w and 18.
18
Let y = -4 - -4. Suppose 10 = -3*j - 5*z, 5*j - 2*z - z - 40 = y. Let x be (-222)/(-4) + 1/(-2). What is the highest common divisor of x and j?
5
Let h(m) = 2*m**2 - 8*m + 8. Let b be h(7). Let c = b - 34. Let n(w) = w**3 + 5*w**2 - w + 4. Let a be n(-4). What is the highest common divisor of a and c?
8
Suppose -3*d + 6 = -0*d. Suppose -d*w + w + 6 = 0. Suppose 24 = 3*y + w. Calculate the highest common factor of y and 2.
2
Let l be (-16)/56 + 116/14. Calculate the highest common factor of l and 8.
8
Let r = 279 + -49. Suppose 0 = 7*a - 2*a + r. Let x = a + 73. Calculate the greatest common factor of 18 and x.
9
Suppose -6*y = -7*y + 51. What is the highest common divisor of 34 and y?
17
Let u(j) = -j**2 + 6*j - 4. Let v(i) = i**3 - 4*i**2 - 5*i + 5. Let s be v(5). Let n be u(s). Calculate the greatest common factor of 1 and n.
1
Let j be 48/14*35/2. Suppose -17 = -2*c - d + 8, -3*d + j = 5*c. What is the highest common factor of c and 60?
15
Suppose -2*k + 5 - 1 = 0. Calculate the highest common divisor of k and 14.
2
Let o(k) = -k**2 + 5*k + 3. Let l be o(5). Suppose 4 = y + 3*y + 2*z, -4*z = -l*y + 14. Calculate the greatest common divisor of 2 and y.
2
Let c be -158*(1/(-2